{"id":4367,"date":"2018-02-09T19:03:06","date_gmt":"2018-02-09T19:03:06","guid":{"rendered":"http:\/\/mirest.com\/?page_id=4367"},"modified":"2018-02-23T19:16:05","modified_gmt":"2018-02-23T19:16:05","slug":"proteccion-de-datos","status":"publish","type":"page","link":"https:\/\/www.mirest.com\/es\/proteccion-de-datos\/","title":{"rendered":"Protecci\u00f3n de datos"},"content":{"rendered":"<p>[vc_row][vc_column][vc_custom_heading text=\u00bbProtecci\u00f3n de Datos\u00bb font_container=\u00bbtag:h1|font_size:60px|text_align:center|color:%23ffffff|line_height:1em\u00bb use_theme_fonts=\u00bbyes\u00bb][\/vc_column][\/vc_row][vc_row][vc_column width=\u00bb2\/3&#8243;][vc_custom_heading text=\u00bbLa pr\u00e1ctica de Protecci\u00f3n de Datos Personales de Miranda &amp; Estavillo, se centra en la elaboraci\u00f3n de avisos de privacidad, manuales de identificaci\u00f3n, formaci\u00f3n de expedientes y procedimientos administrativos derivados de las facultades que el Instituto Nacional de Transparencia, Acceso a la Informaci\u00f3n y Protecci\u00f3n de Datos Personales, como autoridad encargada de garantizar el derecho fundamental de protecci\u00f3n de los datos personales, realiza sobre los sujetos obligados. El an\u00e1lisis de dicha materia debe, obligatoriamente, realizarse con el detenimiento y precisi\u00f3n que lo amerita.<\/p>\n<p>En Miranda &amp; Estavillo ofrecemos un servicio integral en la materia, garantizando a cada uno de los clientes seguridad jur\u00eddica sobre el cumplimiento de la normatividad aplicable as\u00ed como la defensa en todas sus instancias.\u00bb font_container=\u00bbtag:div|text_align:justify\u00bb use_theme_fonts=\u00bbyes\u00bb][call_to_action element_tag=\u00bbh3&#8243; button_style=\u00bbbtn-border-black\u00bb align=\u00bbleft\u00bb button_link=\u00bburl:http%3A%2F%2Fmirest.com%2Fpages%2Fcontacto|title:Cont%C3%A1ctenos||\u00bb][\/call_to_action][\/vc_column][vc_column width=\u00bb1\/3&#8243;][vc_single_image image=\u00bb4332&#8243; img_size=\u00bbfull\u00bb][\/vc_column][\/vc_row]<\/p>","protected":false},"excerpt":{"rendered":"<p>[vc_row][vc_column][vc_custom_heading text=\u00bbProtecci\u00f3n de Datos\u00bb font_container=\u00bbtag:h1|font_size:60px|text_align:center|color:%23ffffff|line_height:1em\u00bb use_theme_fonts=\u00bbyes\u00bb][\/vc_column][\/vc_row][vc_row][vc_column width=\u00bb2\/3&#8243;][vc_custom_heading text=\u00bbLa pr\u00e1ctica de Protecci\u00f3n de Datos Personales de Miranda &amp; Estavillo, se centra en la elaboraci\u00f3n de avisos de privacidad, manuales de identificaci\u00f3n, formaci\u00f3n de expedientes y procedimientos administrativos derivados de las facultades que el Instituto Nacional de Transparencia, Acceso a la Informaci\u00f3n y Protecci\u00f3n de Datos Personales, [&hellip;]<\/p>\n","protected":false},"author":1,"featured_media":0,"parent":0,"menu_order":0,"comment_status":"closed","ping_status":"closed","template":"","meta":{"footnotes":""},"class_list":["post-4367","page","type-page","status-publish","hentry"],"_links":{"self":[{"href":"https:\/\/www.mirest.com\/es\/wp-json\/wp\/v2\/pages\/4367"}],"collection":[{"href":"https:\/\/www.mirest.com\/es\/wp-json\/wp\/v2\/pages"}],"about":[{"href":"https:\/\/www.mirest.com\/es\/wp-json\/wp\/v2\/types\/page"}],"author":[{"embeddable":true,"href":"https:\/\/www.mirest.com\/es\/wp-json\/wp\/v2\/users\/1"}],"replies":[{"embeddable":true,"href":"https:\/\/www.mirest.com\/es\/wp-json\/wp\/v2\/comments?post=4367"}],"version-history":[{"count":8,"href":"https:\/\/www.mirest.com\/es\/wp-json\/wp\/v2\/pages\/4367\/revisions"}],"predecessor-version":[{"id":4510,"href":"https:\/\/www.mirest.com\/es\/wp-json\/wp\/v2\/pages\/4367\/revisions\/4510"}],"wp:attachment":[{"href":"https:\/\/www.mirest.com\/es\/wp-json\/wp\/v2\/media?parent=4367"}],"curies":[{"name":"wp","href":"https:\/\/api.w.org\/{rel}","templated":true}]}}

Protección de datos

<p>[vc_row][vc_column][vc_custom_heading text=»Protección de Datos» font_container=»tag:h1|font_size:60px|text_align:center|color:%23ffffff|line_height:1em» use_theme_fonts=»yes»][/vc_column][/vc_row][vc_row][vc_column width=»2/3&#8243;][vc_custom_heading text=»La práctica de Protección de Datos Personales de Miranda &amp; Estavillo, se centra en la elaboración de avisos de privacidad, manuales de identificación, formación de expedientes y procedimientos administrativos derivados de las facultades que el Instituto Nacional de Transparencia, Acceso a la Información y Protección de Datos Personales, como autoridad encargada de garantizar el derecho fundamental de protección de los datos personales, realiza sobre los sujetos obligados. El análisis de dicha materia debe, obligatoriamente, realizarse con el detenimiento y precisión que lo amerita.</p>
<p>En Miranda &amp; Estavillo ofrecemos un servicio integral en la materia, garantizando a cada uno de los clientes seguridad jurídica sobre el cumplimiento de la normatividad aplicable así como la defensa en todas sus instancias.» font_container=»tag:div|text_align:justify» use_theme_fonts=»yes»][call_to_action element_tag=»h3&#8243; button_style=»btn-border-black» align=»left» button_link=»url:http%3A%2F%2Fmirest.com%2Fpages%2Fcontacto|title:Cont%C3%A1ctenos||»][/call_to_action][/vc_column][vc_column width=»1/3&#8243;][vc_single_image image=»4332&#8243; img_size=»full»][/vc_column][/vc_row]</p>

<p>[vc_row][vc_column][vc_custom_heading text=»Protección de Datos» font_container=»tag:h1|font_size:60px|text_align:center|color:%23ffffff|line_height:1em» use_theme_fonts=»yes»][/vc_column][/vc_row][vc_row][vc_column width=»2/3&#8243;][vc_custom_heading text=»La práctica de Protección de Datos Personales de Miranda &amp; Estavillo, se centra en la elaboración de avisos de privacidad, manuales de identificación, formación de expedientes y procedimientos administrativos derivados de las facultades que el Instituto Nacional de Transparencia, Acceso a la Información y Protección de Datos Personales, [&hellip;]</p>
